 (-253)/(-66) + (-3)/(-18).
1
Let b(u) = -2 + 0 - u + 2*u + 3*u**2. Calculate the remainder when b(3) is divided by 15.
13
Suppose 4*a = -3*y + 31, 3*a + 0*a = 2*y + 2. Suppose 4*g = -f + 25, g - y*f = -3*f - 5. Calculate the remainder when g is divided by 3.
2
Suppose -r + 2 = -5*j, -36 = -5*r - 2*j + j. Calculate the remainder when 8 is divided by r.
1
What is the remainder when 71 is divided by 4 + (11 - (-4 - -7))?
11
Let v(f) = -f**2 - 8*f - 12. Let u be v(-8). Calculate the remainder when 26 is divided by (-2 + 1)*(u + 3).
8
Let v = 6 - 7. What is the remainder when (v - (-99)/6)*2 is divided by 17?
14
Let s = -9 + 10. What is the remainder when 3 is divided by s?
0
Suppose -g - 97 + 33 = 0. What is the remainder when 6 - 3 - g/2 is divided by ((-16)/(-6))/((-2)/(-9))?
11
Suppose l = -2*l + 6, 31 = 5*h - 2*l. Suppose 4*t + 0*t = -4. Calculate the remainder when ((-57)/(-12))/(t/(-4)) is divided by h.
5
Let v(n) = -8 - 4*n + 8. Calculate the remainder when 14 is divided by v(-2).
6
Let r(w) = 13*w**3 - 2*w**2 + w - 1. Calculate the remainder when r(2) is divided by 33.
31
Let n = -13 - -44. Calculate the remainder when n is divided by 19.
12
Suppose -n + 2 = 0, 2*s + 3*n + 8 = 3*s. Suppose -o = 14 - 5. Let g = o + 17. What is the remainder when s is divided by g?
6
Let f be (6/4)/(15/40). Suppose 8 = 3*l - 2*p - 7, 5*l - f*p - 27 = 0. Calculate the remainder when 18 is divided by 5*1/(l/3).
3
Let p = 15 - 3. Suppose 0 = 4*o, -v + o + 5 = -3*o. Calculate the remainder when p is divided by v.
2
Let o be (-9 + 9)*(-1)/3. Calculate the remainder when 216/(-16)*(-2 - o) is divided by 5.
2
Suppose o = -3*o + 408. What is the remainder when 41 is divided by 24/40 - o/(-5)?
20
Suppose 0 = p - 2*k - 20 - 39, -120 = -2*p + 2*k. Calculate the remainder when p is divided by 16.
13
Let z(g) = 2*g**2 - 7*g + 5. Let x(n) = 2*n**3 - 6*n**3 + 3*n**3 + 4*n**2 + 6*n - 1. Let v be x(5). Calculate the remainder when 25 is divided by z(v).
7
Suppose 6*f - 59 = 3*f + d, -5*d - 29 = -f. Let x = f + -6. Let w = -5 + 30. What is the remainder when w is divided by x?
12
Suppose 3 + 31 = 2*v. Suppose -u - 25 = -a + v, 0 = -u - 2*a - 33. What is the remainder when 23 is divided by u/2*2/(-3)?
10
Suppose 2*n = -0*n + 6. Let r = -2 + n. What is the remainder when r is divided by 1?
0
Suppose 0 = -9*y - 88 + 259. Let x(i) = -8*i + 8. Calculate the remainder when x(-6) is divided by y.
18
Let h(d) = d**2 - 4*d + 3. Let x be h(3). Suppose x = g - 7 + 16. Let m = g + 17. What is the remainder when 22 is divided by m?
6
Let p = 79 + 5. What is the remainder when p is divided by 44?
40
Let i be 66/9 + (-2)/6. Suppose 3*b - i*b = -180. Calculate the remainder when b is divided by 12.
9
Let x = -2 + 3. Let o(y) = 29*y**3 + 3*y - 4 + y**2 + 5 - 4*y. Calculate the remainder when o(x) is divided by 16.
14
Let x(o) = 5*o + 1. Calculate the remainder when x(2) is divided by 64/(-256) - (-17)/(-8)*-2.
3
Let r(m) be the first derivative of 3*m**2/2 + m + 2. Let s(t) = -t + 18. What is the remainder when s(0) is divided by r(3)?
8
Suppose 0 - 4 = 2*r, 4*i - r + 46 = 0. Let f = i + 17. Calculate the remainder when 8 is divided by f.
3
Suppose 3*b + 3 = 0, -m = -5*m - 3*b + 61. Let k = m + -14. Let h = -3 + 6. Calculate the remainder when h is divided by k.
1
Suppose -2*s = -g - 19, -4*s = 2*g + 11 + 3. Let i = 45 + g. Let t = -18 + 29. What is the remainder when i is divided by t?
10
Suppose 0 = 3*a - 65 - 10. Suppose -6*f + a = -f. Let p = 8 - -1. Calculate the remainder when p is divided by f.
4
Suppose f + 2*f - 4*w - 106 = 0, -w + 192 = 5*f. Calculate the remainder when f is divided by 13.
12
Suppose 0 = 3*d + d + 4. Calculate the remainder when 10 is divided by 2 + 0/d - -4.
4
Suppose -4*c - 3*n + 32 = 0, 0 = 3*c + 2*n - 15 - 8. What is the remainder when 18 is divided by c?
3
Let l be (-3)/2*32/6. Let d(x) = -3*x + 5. Calculate the remainder when d(l) is divided by 16.
13
Suppose o - 3 + 5 = 0. What is the remainder when -2 + (o - -3) - -28 is divided by 10?
7
Suppose 4*o + 6 = -5*w, 0*w - 5*o - 10 = 5*w. Suppose -17 + w = -a. Let i(m) = m + 29. Calculate the remainder when i(13) is divided by a.
12
Calculate the remainder when -5*-2*6/15 is divided by 1.
0
Calculate the remainder when 70 is divided by (-1)/2*-10 + 19.
22
Let m be (-8)/(-2)*147/12. Let z = -18 + m. Suppose -5*s + 6*s = z. What is the remainder when s is divided by 16?
15
Let d(u) = -u**2 + 5*u - 2. Let a be d(3). Calculate the remainder when (-2)/a - 114/(-4) is divided by 15.
13
Let c be (3/(-2 + 5))/1. Let g = c + 7. What is the remainder when 14 is divided by g?
6
Suppose -41 = -3*h - 4*p, -3*h - h + p = -80. Suppose 11 = -5*q + x, 4*q + 6 + 5 = 3*x. Calculate the remainder when h/(-1 - (0 + q)) is divided by 10.
9
Let q(b) = b**3 + 7*b**2 + 9. Let i be q(-7). Let v = i - 9. Suppose w + w - 4 = v. Calculate the remainder when 3 is divided by w.
1
Suppose -5*k + 6*k - 5*h = -6, 2*k - 5*h = 13. Calculate the remainder when 75 is divided by k.
18
Suppose -3*y = x - 12, 0*y - y + 36 = 3*x. Let g(j) = 4*j + 6. Let k = 7 + 0. What is the remainder when g(k) is divided by x?
10
Suppose 12 = u + 5*u. What is the remainder when 7 is divided by u?
1
Suppose -4*b + 3 = -5. Let k(y) = 2*y**3 - 3*y**2 + 2*y - 1. Suppose 56 - 4 = 4*s. What is the remainder when s is divided by k(b)?
6
Let z(l) = -l**3 + l**2 - l + 20. What is the remainder when 1/(-6)*8*(-27 + 0) is divided by z(0)?
16
Suppose 27 = -2*c + 151. Let j(y) be the second derivative of -4*y**3/3 + y. What is the remainder when c is divided by j(-2)?
14
Let p = 82 + -70. What is the remainder when p is divided by 8?
4
Calculate the remainder when 6 is divided by (-2)/(-3)*(-18)/(-4).
0
Let k(m) be the third derivative of -m**6/120 + 7*m**5/60 - m**4/6 - 2*m**2. What is the remainder when 22 is divided by k(6)?
10
Suppose 4*c - n - 310 = 0, 2*c = 5*n - 6*n + 152. What is the remainder when c is divided by 16?
13
Let x = 48 - 30. What is the remainder when (-6)/(-2) - -1 - (-159 + 94) is divided by x?
15
Let r = -39 - -49. What is the remainder when r is divided by 6?
4
Let s(a) = -a**3 + 3*a**2 + 2*a - 4. What is the remainder when s(3) is divided by 1?
0
Suppose -5*p + 2 - 102 = 0. Let h(w) = -w**3 - 11*w**2 + 13*w + 20. Let v be h(-12). Let l = v - p. What is the remainder when l is divided by 10?
8
Let g(t) = -t**3 + 3*t + 3. What is the remainder when 9 is divided by g(-2)?
4
Let o be (18/12)/((-2)/(-4)). Suppose -6 = 2*y - 3*y - o*l, -l = 0. Calculate the remainder when 21 is divided by y.
3
Suppose 0 = 2*b - 64 + 24. What is the remainder when 58 is divided by b?
18
Let k(v) = 3*v**2 - v + 1. Let h be k(1). Suppose 5 = -h*x - 4*i + 12, 23 = 2*x - i. Suppose -3*g - 3 = -x. Calculate the remainder when 2 is divided by g.
0
Let m = 5 - -18. Suppose -3*r = -5*n - 19, 2*n - 2 - 19 = -r. Calculate the remainder when m is divided by r.
10
Suppose 0 = -4*c - 3*o + 202, -5*c - 3*o = -202 - 49. Suppose -3*w + 5 = -c. What is the remainder when w is divided by (5/4)/((27/(-24))/(-9))?
8
Suppose 4*m - 60 = 2*q + 3*q, 4*m = 3*q + 52. Let w = 0 + m. What is the remainder when 39 is divided by w?
9
Let m(n) = n**3 - 19*n**2 - 19*n - 5. Calculate the remainder when 23 is divided by m(20).
8
Suppose 4 = o - 0. Suppose -o*c = -2*j - 102, -2*j = -8*c + 3*c + 129. Calculate the remainder when 79 is divided by c.
25
Suppose -13*v + 12*v = -21. Suppose 5*g = 4*j + 72, -5*g - 2*j = -0*j - 54. What is the remainder when v is divided by g?
9
Suppose 0*z + 5*z = -5*h - 40, 0 = h + 4*z + 14. Let m = 8 + h. Suppose a + 3*a = 20. Calculate the remainder when a is divided by m.
1
Suppose -2*h - 5*i = -2*i - 10, 4*h + 5*i = 22. Calculate the remainder when 14 is divided by h.
6
Let q be ((-17)/2)/(3/(-6)). Let w = -3 + q. What is the remainder when w is divided by 5?
4
Suppose -56 + 210 = 7*v. Calculate the remainder when v is divided by 8.
6
Suppose 0 = -2*q + q + 2. Suppose 0*i = -q*i + 34. Suppose -170 = -5*r + 80. Calculate the remainder when r is divided by i.
16
Suppose 15 = -4*q + a + 2*a, 3*q - 5*a = -14. Calculate the remainder when 6 is divided by 2/(q + 7/2).
2
Suppose -2*q + 17 = 3*k, 2*q + 70 = 5*k - 3*q. Suppose 4*g + 5*s - 40 - 49 = 0, 5*s - 41 = -g. What is the remaind